the remainder when 746202 is divided by 4442?
4388
What is the remainder when 1153071 is divided by 2443?
2418
Calculate the remainder when 55391002 is divided by 48.
10
What is the remainder when 151506 is divided by 48168?
7002
Calculate the remainder when 386285 is divided by 32179.
137
What is the remainder when 1585877 is divided by 1084?
1069
Calculate the remainder when 23155 is divided by 3475.
2305
Calculate the remainder when 2183987 is divided by 443.
440
Calculate the remainder when 33038321 is divided by 12524.
9
What is the remainder when 12254619 is divided by 225?
219
What is the remainder when 18576 is divided by 1144?
272
What is the remainder when 2646926 is divided by 85?
26
Calculate the remainder when 194662661 is divided by 765.
761
Calculate the remainder when 562767 is divided by 51156.
51
Calculate the remainder when 777002 is divided by 530.
22
What is the remainder when 427553 is divided by 1159?
1041
What is the remainder when 821727 is divided by 273892?
51
Calculate the remainder when 5701045 is divided by 33.
31
What is the remainder when 21461395 is divided by 233?
231
Calculate the remainder when 427320 is divided by 71214.
36
Calculate the remainder when 126348 is divided by 3884.
2060
Calculate the remainder when 2066007 is divided by 200.
7
Calculate the remainder when 40276804 is divided by 25173.
4
Calculate the remainder when 2620726 is divided by 1310363.
0
Calculate the remainder when 50180 is divided by 12533.
48
What is the remainder when 10171798 is divided by 201?
193
What is the remainder when 597220 is divided by 3472?
36
What is the remainder when 288567 is divided by 287675?
892
Calculate the remainder when 335952 is divided by 167802.
348
What is the remainder when 77436839 is divided by 13?
12
What is the remainder when 302654 is divided by 9760?
94
What is the remainder when 25840757 is divided by 110?
107
Calculate the remainder when 1421089 is divided by 876.
217
What is the remainder when 132874378 is divided by 9036?
9034
Calculate the remainder when 8134592 is divided by 8663.
35
Calculate the remainder when 42040007 is divided by 79.
78
Calculate the remainder when 92634 is divided by 4162.
1070
Calculate the remainder when 85119394 is divided by 10.
4
Calculate the remainder when 8805716 is divided by 733809.
8
What is the remainder when 48522580 is divided by 255382?
0
What is the remainder when 3388604 is divided by 677668?
264
What is the remainder when 553739 is divided by 13766?
3099
Calculate the remainder when 1149904 is divided by 95819.
76
Calculate the remainder when 5168251 is divided by 1022.
1019
What is the remainder when 126705 is divided by 18095?
40
Calculate the remainder when 6467720 is divided by 511.
504
Calculate the remainder when 74746 is divided by 9096.
1978
What is the remainder when 5243 is divided by 4998?
245
What is the remainder when 61455299 is divided by 3044?
3027
Calculate the remainder when 88359 is divided by 17618.
269
Calculate the remainder when 30521 is divided by 9965.
626
Calculate the remainder when 1161743 is divided by 630.
23
What is the remainder when 76275 is divided by 289?
268
Calculate the remainder when 529635 is divided by 264809.
17
Calculate the remainder when 253017 is divided by 4686.
4659
Calculate the remainder when 1322841 is divided by 3427.
19
Calculate the remainder when 11916639 is divided by 568.
567
Calculate the remainder when 120689 is divided by 1059.
1022
Calculate the remainder when 2491294776 is divided by 13.
9
What is the remainder when 636398 is divided by 3044?
202
What is the remainder when 17563370 is divided by 8781610?
150
Calculate the remainder when 694457 is divided by 173614.
1
What is the remainder when 1693901 is divided by 475?
51
Calculate the remainder when 1865297 is divided by 2910.
2897
Calculate the remainder when 3306647 is divided by 1653316.
15
Calculate the remainder when 17009625 is divided by 44999.
3
What is the remainder when 137635 is divided by 68814?
7
What is the remainder when 54816388 is divided by 9?
7
Calculate the remainder when 210182 is divided by 9846.
3416
What is the remainder when 21319530 is divided by 69?
48
What is the remainder when 43889 is divided by 1169?
636
Calculate the remainder when 26998 is divided by 5397.
13
What is the remainder when 29182931 is divided by 3286?
3251
Calculate the remainder when 486420 is divided by 6050.
2420
What is the remainder when 9743342 is divided by 104?
102
What is the remainder when 641306 is divided by 6610?
136
Calculate the remainder when 92053 is divided by 22.
5
Calculate the remainder when 743090 is divided by 1207.
785
Calculate the remainder when 90778 is divided by 242.
28
What is the remainder when 4285 is divided by 4208?
77
Calculate the remainder when 68262325 is divided by 4875880.
5
What is the remainder when 17273 is divided by 3227?
1138
What is the remainder when 3238491 is divided by 3238467?
24
Calculate the remainder when 39479 is divided by 670.
619
Calculate the remainder when 52640 is divided by 1117.
141
Calculate the remainder when 64232130 is divided by 4249.
4246
Calculate the remainder when 5623783 is divided by 23629.
81
What is the remainder when 387901 is divided by 222?
67
Calculate the remainder when 159935 is divided by 53087.
674
What is the remainder when 77491652 is divided by 2591?
24
What is the remainder when 27951287 is divided by 501?
497
What is the remainder when 26843344 is divided by 38?
30
Calculate the remainder when 8655911 is divided by 207.
206
What is the remainder when 3002968 is divided by 9269?
9081
Calculate the remainder when 408786 is divided by 1048.
66
What is the remainder when 93095718 is divided by 3227?
3222
What is the remainder when 255222 is divided by 127599?
24
Calculate the remainder when 25901499 is divided by 135.
129
What is the remainder when 2246262 is divided by 35089?
566
What is the remainder when 2394082 is divided by 22580?
602
What is the remainder when 224394946 is divided by 226?
224
What is the remainder when 9575953 is divided by 5?
3
Calculate the remainder when 77295 is divided by 2493.
12
Calculate the remainder when 263629 is divided by 127354.
8921
What is the remainder when 2049954 is divided by 2049945?
9
What is the remainder when 535563 is divided by 41196?
15
Calculate the remainder when 25222 is divided by 543.
244
What is the remainder when 250115 is divided by 250084?
31
What is the remainder when 1415479 is divided by 246?
241
Calculate the remainder when 210954 is divided by 799.
18
Calculate the remainder when 845413 is divided by 877.
862
Calculate the remainder when 161941 is divided by 426.
61
What is the remainder when 763957 is divided by 205?
127
Calculate the remainder when 121919500 is divided by 1146.
1144
Calculate the remainder when 36451374 is divided by 25.
24
What is the remainder when 100589 is divided by 13677?
4850
What is the remainder when 25463 is divided by 4929?
818
Calculate the remainder when 617054 is divided by 2593.
2513
What is the remainder when 342958 is divided by 57154?
34
Calculate the remainder when 51842976 is divided by 1218.
24
What is the remainder when 862387 is divided by 264?
163
What is the remainder when 54916 is divided by 10860?
616
What is the remainder when 6450858 is divided by 334?
316
What is the remainder when 3254362 is divided by 604?
10
Calculate the remainder when 9249124 is divided by 42427.
38
Calculate the remainder when 1974893 is divided by 11.
8
What is the remainder when 12487369 is divided by 95?
94
What is the remainder when 231951673 is divided by 71?
69
What is the remainder when 91912705 is divided by 3286?
3285
What is the remainder when 178486481 is divided by 4392?
4385
Calculate the remainder when 375747 is divided by 769.
475
What is the remainder when 11809400 is divided by 2502?
2462
Calculate the remainder when 437019 is divided by 1056.
891
What is the remainder when 6125725 is divided by 328?
325
Calculate the remainder when 472905 is divided by 1826.
1797
What is the remainder when 94360 is divided by 5897?
8
Calculate the remainder when 2197263 is divided by 122042.
507
What is the remainder when 17474125 is divided by 921?
913
Calculate the r